
Let u(z) = -z**2 - 11*z - 10. What are the prime factors of u(-8)?
2, 7
Let i(t) = -t - 7. Let z be i(6). Let x = 8 - z. What are the prime factors of x?
3, 7
Let c = 30 - -37. List the prime factors of c.
67
Let m = 22 - 7. Let b(o) = 3*o - 6. List the prime factors of b(m).
3, 13
Let z(d) = -5 + 3*d + 0*d + 3. Let y be z(4). List the prime factors of (-3 + -1)/2 + y.
2
Let j = -6 - -4. Let u(x) = x**3 + 3*x**2 - x + 2. What are the prime factors of u(j)?
2
Suppose -u - 3*x - 3 + 1 = 0, 14 = -2*u + 4*x. Let n(q) = -4*q - 7. List the prime factors of n(u).
13
Suppose 4*u - u = 0. Suppose -o - o = -3*n + 11, -o - n + 7 = u. List the prime factors of o.
2
Let f be (-10 + 14)/(2 - 0). Suppose s - 4*n + 3 = -f*s, 2*n = 2*s. List the prime factors of s.
3
Let w(t) = t**2 - 2*t + 10. List the prime factors of w(5).
5
Let x = 24 - -23. List the prime factors of x.
47
Suppose 3*l = -l - 16. Let p be 3/(-9) + (-2)/3. What are the prime factors of l/(14/(-10) - p)?
2, 5
Let u(y) = 4 - 3 + y + y. Let q be u(3). Suppose -q*t + 5 = -6*t. What are the prime factors of t?
5
Let u = 23 + 12. Suppose 2*t - t = -3*o + 21, -4*o + t + u = 0. List the prime factors of o.
2
Let i = 66 + -41. List the prime factors of i.
5
Let u(w) = 4*w**3 + 2*w**2 + 7*w - 7. List the prime factors of u(3).
2, 5, 7
Suppose -21 = 3*o - 6*o. What are the prime factors of o?
7
Let v be (-1 - -2) + 1 + 1. Suppose -5*m + 18 = 3*g, -v*g + 12 = -g - 4*m. What are the prime factors of -3*(-2)/g*10?
2, 5
Let o be ((-4)/(-6))/(4/18). Suppose -3*d + 2*m + 8 = 0, -m + 14 = o*d - 0*m. List the prime factors of d.
2
Suppose -2*k = -2*v + 12, -2*k = -4*v - 7*k + 6. Suppose 3*i = v*i + 1. Let q(d) = -6*d. What are the prime factors of q(i)?
2, 3
Let u(c) = -6*c - 12. List the prime factors of u(-8).
2, 3
Let g(h) = h**3 + 6*h**2 - 2*h + 2. Let s be g(-6). Let d = -10 + s. Suppose -19 = -3*l - 4*x, -d*x - x = 5*l - 30. What are the prime factors of l?
5
Let a(h) be the third derivative of h**5/60 + h**4/4 + 5*h**3/3 - 2*h**2. What are the prime factors of a(-4)?
2
Let t(q) = q**3 - 7*q**2 - 6*q - 5. Let y be t(8). Let u = y - 4. Suppose 3*k + 2*w - u*w - 40 = 0, -44 = -5*k - 3*w. List the prime factors of k.
2, 5
Let u(j) = 5*j**2 + 1. Let o(c) = -11*c**2 + c - 3. Let h(y) = -6*o(y) - 13*u(y). Let s be h(4). List the prime factors of (22/(-6))/(1/s).
11
Let n = 2 + 13. Suppose -2*r = -7 - n. List the prime factors of r.
11
Let v = 0 - -5. Suppose 0*r - 50 = -v*r. What are the prime factors of r?
2, 5
Let k(m) = 5*m**2 - 2*m - 2. List the prime factors of k(3).
37
Suppose 5*c + 57 = 12. Let x = 0 - c. List the prime factors of 87/x + (-2)/(-6).
2, 5
Suppose 3*c + 9 = -4*p - p, 2*p = 4*c + 12. What are the prime factors of 2 - (1/1 + c)?
2
Let x(k) = -6*k. List the prime factors of x(-4).
2, 3
Suppose -3*o = k - 122, -36 + 307 = 2*k - 3*o. Let s = -88 + k. List the prime factors of s.
43
Let n(s) = s**3 - 20*s**2 + 47. What are the prime factors of n(20)?
47
Suppose 3*b = 15*b - 684. List the prime factors of b.
3, 19
Suppose 45 = 5*l - 5*m + 4*m, -4*l + 27 = m. Let v = l + 11. What are the prime factors of v?
19
Let d(b) = b**3 - b**2 + 2*b - 1. Let f be d(2). Suppose -4*z + r - 5*r = -12, 2*z - 3*r = 11. Suppose 0 = -z*c + 21 + f. List the prime factors of c.
7
Suppose 0 = 5*l + 2 + 3. What are the prime factors of ((-310)/(-50))/(l/(-5))?
31
Let f be 10/(-1 + 3) + -1. Suppose -f*n = -0 - 8. Suppose 4*t + 5*i - 1 = -6, -n*t = i - 5. What are the prime factors of t?
5
Suppose 0 = -4*l + 5*o + 60, -l - 2*o + 12 = -4*o. Let q be l/25*5*1. Suppose -q*b - 5*d - 9 = -2*b, -5*b + 20 = 4*d. List the prime factors of b.
2
Let v be -5*3*-1*1. Suppose -3*g - v = 5*b, 4*g + g + 6 = -2*b. Let w(a) = a**3 + 3*a**2 - 3*a - 2. What are the prime factors of w(b)?
7
Let m = 8 - 5. Let b = m + 0. Suppose -b*o - 23 = -2*s - 2*s, -4*o - 28 = -4*s. List the prime factors of s.
2
Let h(q) = -q**3 + 8*q**2 - 7*q + 8. Let p be h(7). Suppose -n + 7 + p = 0. What are the prime factors of n?
3, 5
Let w = -1 - 0. List the prime factors of w/(1/46*-2).
23
Suppose 0*v - 3*l = -4*v + 330, 4*v - l - 326 = 0. Suppose 0*n - 3*n = -2*j + v, -163 = -4*j + 5*n. What are the prime factors of j?
2, 3, 7
Suppose 16 = 4*p + 4. Suppose -2*i + 39 = a + 8, 4*a = p*i + 69. List the prime factors of a.
3, 7
Suppose 4*k = -5*g + 1, -5*k + 3*g + 29 = -0*k. Suppose -4*q - 4 = b + 2, 4*b - k*q = 16. What are the prime factors of b?
2
Let s(y) = y**3 + y**2 - 3*y - 3. Let i be s(-3). Let z be (-699)/i + 1/(-4). What are the prime factors of z/6 - (-2)/6?
2, 5
Let k(l) = l**2 + 4*l + 3. Let p be k(5). Suppose -4*d + 2*d + p = 2*b, 3*d - 78 = -5*b. What are the prime factors of d?
3, 7
Suppose -4*a + 0 - 8 = 0. Let u be 10/3 + a/6. What are the prime factors of u/(9/12) - 1?
3
Suppose -2*b = 5*c + 4 - 120, -97 = -4*c - 3*b. List the prime factors of c.
2, 11
Suppose 6*g - 2*g = 12. Suppose 12 = -g*v + 87. List the prime factors of v.
5
Suppose 4*s - 133 = 603. List the prime factors of s.
2, 23
Let j be 2 + 4/((-12)/15). Let y(i) = -i**3 - 2*i**2 + 3*i - 1. Let p be y(j). List the prime factors of p + ((-4)/(-2) - -5).
2, 3
Suppose 1 = -n + 7. List the prime factors of (n/4)/(4/104).
3, 13
Let y be 1/((-18)/(-8) + -2). Let z(c) = c**2 + c. Let i be z(-3). Let s = i + y. What are the prime factors of s?
2, 5
Suppose 0 = -5*z + 27 - 2, -5*u - 3*z = -70. List the prime factors of u.
11
What are the prime factors of (-4)/(-3 + (-115)/(-40))?
2
Let q = 22 + 73. Suppose 4*b - 3*f - q = 0, b - 4*f + 0*f = 27. List the prime factors of b.
23
Suppose 3*r = 4*y + 4*r - 103, 0 = -5*y + 5*r + 160. List the prime factors of y.
3
Suppose j - 15 = -4*j. Suppose -l + 20 = j*l. What are the prime factors of l?
5
Suppose 0 = -f + 4*f - 2*w - 43, 0 = -f + 2*w + 13. List the prime factors of f.
3, 5
Let o(w) = w**2 + 5*w - 10. List the prime factors of o(4).
2, 13
Let j = 338 + -152. List the prime factors of j.
2, 3, 31
Let g be 29/9 + (-2)/9. What are the prime factors of ((-95)/g)/5*-3?
19
Let i(x) = 2*x**2 + 5*x - 8. What are the prime factors of i(-5)?
17
Suppose -a + 2 = -3. Suppose 13 = 4*v + l - 4*l, 0 = -3*v + 2*l + 11. Let u = a + v. List the prime factors of u.
2, 3
Let k(s) be the second derivative of 0 - 1/3*s**3 + 2*s - 4*s**2 - 5/6*s**4 - 1/20*s**5. What are the prime factors of k(-10)?
2, 3
List the prime factors of ((-2 + 3)/1 + -192)/(-1).
191
Let f = -49 + 147. What are the prime factors of f?
2, 7
Let t be 6/(-3) + (1 - -1). Let b be t*(9/6 + -2). Let l(c) = c**2 + c + 2. What are the prime factors of l(b)?
2
Suppose 9 = -3*v, 4*v - 59 - 225 = -4*t. What are the prime factors of t?
2, 37
Let q(p) = -2*p - 4. What are the prime factors of q(-5)?
2, 3
Let j(h) = -h**2 + 47. List the prime factors of j(0).
47
Let f be (2/(-4))/(3/(-30)). Suppose -f*g + 150 = -15. What are the prime factors of g?
3, 11
Let f(t) = 4*t**3 - 4*t**2 + 3*t - 4. List the prime factors of f(3).
7, 11
List the prime factors of 666/21 + 8/28.
2
Suppose 4*h = 5*j + 13, -2*h - 2*j + 21 = 1. What are the prime factors of h?
7
Suppose 2*z - 312 = 4*v, v - 5*v = 4*z - 588. What are the prime factors of z?
2, 3, 5
Let y(i) = i**2 - 11*i + 7. Let b be y(8). Let q = b - -27. What are the prime factors of q?
2, 5
Suppose 11*c = 6*c. Suppose c*k + 4*k - 60 = 0. What are the prime factors of k?
3, 5
Suppose 0 = -4*j - 3*a + 5, j + 3*a + 1 = -0*a. Suppose -25 = 3*h - 5*n, -7*h + j*h - 4*n + 20 = 0. Suppose 4*m + h*m = 16. List the prime factors of m.
2
Suppose -w + 26 = w. List the prime factors of w.
13
Let f = -53 - -62. Let c be 0 + 9 + -1 + 2. Suppose c = k - f. What are the prime factors of k?
19
Suppose 0 = 6*u - 3*u. List the prime factors of u + 0 - 2 - -4.
2
Suppose 4*o - 72 = 64. List the prime factors of o.
2, 17
Suppose 2*u - 2*f - 86 = 0, 0*u - 5*f = 2*u - 65. List the prime factors of u.
2, 5
Let a(k) = k - 4. Let c be a(9). What are the prime factors of 169/c + (-4)/(-20)?
2, 17
Let h = -5 - -16. Let c = h + 29. Suppose m + 3*m = c. What are the prime factors of m?
2, 5
Let t be (-55)/(-10) - (-3)/(-6). Suppose 0*d - 155 = -t*d. List the prime factors of d.
31
Let x(t) be the second derivative of t**4/6 - t**3/3 - t**2 + t. What are the prime factors of x(3)?
2, 5
Suppose